1513
Convert -2130213 (base 4) to base 15.
-2e83
100111100001011 (base 2) to base 16
4f0b
12b28 (base 13) to base 9
52720
Convert -204 (base 5) to base 10.
-54
Convert 188 (base 10) to base 14.
d6
What is 517 (base 16) in base 2?
10100010111
What is 4 (base 14) in base 10?
4
What is -102202 (base 8) in base 14?
-c510
Convert -1212222 (base 5) to base 3.
-1011021220
Convert 21 (base 4) to base 3.
100
Convert -22540 (base 11) to base 12.
-16a41
51a (base 15) to base 12
7ba
-13446 (base 7) to base 15
-1140
-19a7 (base 14) to base 6
-33315
-8608 (base 9) to base 2
-1100010110110
What is -3311 (base 6) in base 13?
-469
What is 200202 (base 4) in base 2?
100000100010
Convert 1715 (base 11) to base 13.
cca
What is 254 (base 14) in base 12?
32a
Convert 545 (base 6) to base 8.
321
2b1 (base 15) to base 14
320
What is 46 (base 16) in base 4?
1012
What is 332 (base 12) in base 5?
3340
-17817 (base 9) to base 3
-121220121
What is 12212122 (base 3) in base 6?
31455
What is -381 (base 11) in base 2?
-111000100
-1011000000011010 (base 2) to base 4
-23000122
What is -1001001100101 (base 2) in base 9?
-6412
Convert 44041 (base 9) to base 15.
89b7
Convert 193 (base 14) to base 9.
401
1010101011 (base 2) to base 15
308
Convert 101311 (base 5) to base 13.
1693
What is 115300 (base 7) in base 14?
7970
Convert 330221 (base 4) to base 8.
7451
69c (base 16) to base 15
77c
What is -101034 (base 8) in base 10?
-33308
Convert -8639 (base 10) to base 5.
-234024
10011111101 (base 2) to base 9
1668
Convert -367a (base 13) to base 16.
-1e1a
What is -6a (base 13) in base 12?
-74
Convert -75 (base 16) to base 6.
-313
1aa00 (base 14) to base 11
46a51
What is -1012433 (base 5) in base 2?
-100000011101010
Convert -34413 (base 5) to base 10.
-2483
What is -189 (base 11) in base 5?
-1333
What is -614 (base 9) in base 13?
-2c5
What is 13148 (base 9) in base 16?
22a9
-11011111010110 (base 2) to base 13
-6677
Convert 122112 (base 3) to base 14.
25b
What is 24 (base 5) in base 12?
12
What is 586 (base 12) in base 10?
822
Convert 1100101100110110 (base 2) to base 9.
78322
Convert 14ac (base 13) to base 11.
22a1
1c91 (base 16) to base 14
2945
Convert -4108 (base 14) to base 15.
-34a5
Convert -10341 (base 5) to base 4.
-23101
Convert 786 (base 10) to base 2.
1100010010
13132321 (base 4) to base 13
10c48
-758 (base 9) to base 12
-438
What is -15387 (base 11) in base 9?
-32751
8525 (base 11) to base 3
120110210
-4776 (base 11) to base 10
-6254
-13112 (base 7) to base 8
-6640
3a (base 16) to base 15
3d
Convert -30d9 (base 15) to base 2.
-10100001011001
-712 (base 16) to base 9
-2431
2234034 (base 5) to base 12
1b106
8fa6 (base 16) to base 7
212133
What is -1c3 (base 16) in base 5?
-3301
Convert -930 (base 16) to base 14.
-c00
1 (base 16) to base 10
1
Convert 60 (base 11) to base 10.
66
Convert -15436 (base 9) to base 15.
-31e3
What is -14d5b (base 14) in base 3?
-2122100201
What is -56b8 (base 12) in base 13?
-450b
-124304 (base 7) to base 2
-101101001011100
Convert -3200 (base 6) to base 11.
-5a5
1310 (base 7) to base 4
13301
246 (base 12) to base 6
1330
What is 2438b (base 12) in base 5?
3031143
1000000100 (base 2) to base 14
28c
What is -6338 (base 9) in base 8?
-11054
Convert 3617 (base 12) to base 7.
23455
-950 (base 10) to base 8
-1666
Convert -100111001000 (base 2) to base 7.
-10205
-10110110010 (base 2) to base 12
-a16
-1659 (base 16) to base 12
-3389
Convert 11222201 (base 3) to base 16.
e35
12313 (base 4) to base 12
307
-143 (base 14) to base 5
-2010
What is -202535 (base 6) in base 5?
-1004222
What is -23ac (base 14) in base 9?
-8480
What is -14823 (base 15) in base 4?
-100012212
Convert -497 (base 13) to base 9.
-1078
What is 3563 (base 7) in base 10?
1319
215 (base 14) to base 5
3121
Convert -69b (base 15) to base 11.
-1140
4 (base 10) to base 12
4
2200001 (base 3) to base 5
30240
What is -13330 (base 5) in base 3?
-1111101
Convert 5416 (base 8) to base 7.
11152
What is 33300 (base 6) in base 5?
122034
Convert -1302 (base 8) to base 5.
-10311
What is -423232 (base 7) in base 3?
-10201101101
Convert 12012220 (base 3) to base 11.
2949
What is dab (base 14) in base 12?
168b
What is 262 (base 13) in base 16?
1a2
Convert -4060 (base 8) to base 15.
-94b
22031 (base 5) to base 4
113230
What is 13921 (base 10) in base 16?
3661
What is -20013 (base 4) in base 7?
-1341
What is 1a26 (base 11) in base 5?
40234
What is 2322020 (base 4) in base 9?
17305
Convert 2111001 (base 3) to base 2.
11100010010
What is 30376 (base 9) in base 15?
5dd0
What is -b26 (base 13) in base 7?
-5341
353 (base 15) to base 5
11003
What is 53d (base 14) in base 9?
1370
-325 (base 11) to base 12
-286
Convert 3c48 (base 13) to base 2.
10000111100111
What is -1a2 (base 12) in base 5?
-2031
-525 (base 7) to base 9
-323
What is d1 (base 14) in base 15?
c3
What is -9c7 (base 16) in base 6?
-15331
1777 (base 14) to base 12
2539
274 (base 9) to base 12
171
-8491 (base 10) to base 4
-2010223
Convert 1005 (base 8) to base 6.
2221
What is -150 (base 16) in base 6?
-1320
What is -1010111010000 (base 2) in base 15?
-19c4
What is 2117 (base 8) in base 12?
77b
Convert -309 (base 15) to base 16.
-2ac
1532 (base 8) to base 12
5b6
What is -111111101000000 (base 2) in base 14?
-bc2c
444034 (base 5) to base 11
10729
-1010111100000 (base 2) to base 5
-134400
What is -4b30 (base 15) in base 16?
-3e94
230 (base 7) to base 6
315
Convert -14f (base 16) to base 2.
-101001111
What is 3a1 (base 11) in base 7?
1245
10011 (base 7) to base 10
2409
What is 927 (base 14) in base 16?
707
-560 (base 15) to base 2
-10010111111
-c5 (base 16) to base 12
-145
What is 1093b (base 13) in base 6?
351300
Convert 1110000111100111 (base 2) to base 10.
57831
Convert -1001010101 (base 2) to base 10.
-597
Convert -5621 (base 8) to base 14.
-1117
What is 21d (base 16) in base 15?
261
What is -1434 (base 13) in base 2?
-101101100100
Convert 733c (base 14) to base 11.
13a06
Convert -10000111100 (base 2) to base 3.
-1111011
-2120 (base 7) to base 14
-3b7
What is -1389 (base 16) in base 11?
-3837
-123311 (base 4) to base 16
-6f5
What is -103030 (base 4) in base 11?
-a17
Convert -101430 (base 6) to base 5.
-230104
Convert 2c42 (base 13) to base 2.
1100101001100
Convert 100020 (base 4) to base 3.
1102020
What is -66a (base 14) in base 7?
-3463
What is -7b88 (base 14) in base 10?
-21484
3080 (base 10) to base 14
11a0
What is -400552 (base 6) in base 14?
-b5ac
What is -5bed (base 15) in base 10?
-19573
Convert -501 (base 13) to base 14.
-446
What is -41430 (base 5) in base 8?
-5264
Convert -1736 (base 14) to base 13.
-1b84
-7650 (base 8) to base 13
-1a94
Convert 14659 (base 10) to base 6.
151511
What is -19321 (base 12) in base 16?
-8f89
Convert 11507 (base 11) to base 6.
204440
What is 385 (base 13) in base 5?
4431
What is -385 (base 14) in base 13?
-423
-301532 (base 6) to base 16
-5cc0
6751 (base 14) to base 9
26506
What is 14989 (base 10) in base 6?
153221
What is -170a (base 13) in base 4?
-310332
What is -1391 (base 12) in base 10?
-2269
-27da (base 16) to base 7
-41513
What is -1bb (base 15) in base 2?
-110010001
-4165 (base 8) to base 10
-2165
Convert c18 (base 13) to base 12.
1229
Convert -10111213 (base 4) to base 15.
-53e7
42413 (base 6) to base 3
21220200
Convert 10101010111 (base 2) to base 6.
10155
-7344 (base 8) to base 5
-110222
Convert -231210 (base 4) to base 14.
-10c4
What is -904 (base 15) in base 16?
-7ed
Convert -101101111100 (base 2) to base 15.
-d10
What is 64333 (base 7) in base 11?
10a8a
What is 11071 (base 8) in base 12?
2849
What is -4522 (base 8) in base 4?
-211102
Convert 28695 (base 11) to base 15.
c125
Convert -2112002 (base 3) to base 9.
-2462
Convert 12020021 (base 3) to base 9.
5207
What is -286 (base 12) in base 16?
-186
What is 12a3 (base 12) in base 10?
2139
-11716 (base 9) to base 16
-1ec0
What is -131 (base 9) in base 3?
-11001
What is -31201 (base 6) in base 9?
-5651
Convert -3125 (base 11) to base 15.
-1361
523 (base 7) to base 8
406
Convert -21a (base 14) to base 16.
-1a0
19b (base 15) to base 16
173
45350 (base 9) to base 12
15569
26451 (base 9) to base 5
1032431
-2325 (base 16) to base 12
-5259
Convert 2352 (base 6) to base 14.
2cc
3478 (base 9) to base 3
10112122
Convert -101002112 (base 3) to base 12.
-4312
-11111111100